1033011 (base 4) to base 12.
-893b71
2013662 (base 8) to base 5
113432404
What is -2016d (base 16) in base 6?
-2452301
168530 (base 10) to base 13
5b92b
What is -1122203222 (base 4) in base 14?
-99266
What is 336095 (base 10) in base 7?
2566604
-756cbc (base 16) to base 7
-122261000
-11011010101101011 (base 2) to base 16
-1b56b
What is -133135440 (base 6) in base 13?
-72745b
-2011014343 (base 5) to base 12
-140b633
-156529 (base 10) to base 11
-a766a
-1121111210201 (base 3) to base 15
-11db57
Convert -1152168 (base 9) to base 6.
-21221012
12735 (base 13) to base 6
422130
What is 1043bd (base 15) in base 12?
313914
-4021013 (base 5) to base 2
-1111100110001011
1226544 (base 7) to base 16
26ac0
4618305 (base 9) to base 15
34389e
What is 13705067 (base 8) in base 11?
1838861
What is 171861 (base 10) in base 2?
101001111101010101
2d012 (base 16) to base 5
21344323
What is 743700 (base 8) in base 2?
111100011111000000
Convert 1600270 (base 9) to base 16.
d84c8
Convert -101000121122220 (base 3) to base 9.
-11017586
What is -1739786 (base 12) in base 3?
-100001012112010
4544226 (base 9) to base 16
2563b3
What is 285132 (base 10) in base 13?
9ca23
What is -10240d (base 14) in base 7?
-4424216
-345859 (base 11) to base 16
-8621c
Convert -9d41 (base 15) to base 4.
-20021101
Convert -22513533 (base 6) to base 3.
-1022021021110
Convert -881702 (base 9) to base 3.
-222201210002
-2ad5c (base 15) to base 3
-21000022120
What is 133130022 (base 4) in base 10?
128778
Convert -77ad (base 15) to base 9.
-37711
What is -32a0b2 (base 15) in base 10?
-2413292
Convert 203603 (base 10) to base 9.
340255
What is -329b (base 16) in base 4?
-3022123
Convert 500a2 (base 13) to base 8.
427131
3056361 (base 7) to base 2
1011001101001100000
What is -34732b5 (base 12) in base 16?
-9a2ce9
What is 500202 (base 7) in base 10?
84135
Convert 22232030 (base 4) to base 10.
43916
What is -471241 (base 8) in base 9?
-264041
What is -12313142141 (base 5) in base 7?
-241165635
Convert 1142765 (base 11) to base 10.
1994756
Convert -1a72188 (base 12) to base 14.
-a65384
Convert 283a74 (base 13) to base 8.
3570772
Convert -647a77 (base 16) to base 9.
-13345762
Convert 1164424 (base 9) to base 12.
26647a
What is 14548a0 (base 11) in base 2?
1001100001001110001100
What is -6057146 (base 8) in base 2?
-110000101111001100110
Convert -53a2051 (base 11) to base 5.
-4412140321
Convert 20100230022 (base 4) to base 15.
2cb979
1200133212 (base 4) to base 8
1403746
What is 12032343301 (base 5) in base 15?
1358436
What is -6621 (base 10) in base 12?
-39b9
What is 11101010100010001101 (base 2) in base 15?
13e988
Convert -3434514 (base 6) to base 12.
-85a3a
-10163876 (base 9) to base 4
-102220131000
What is 100000100111111011101 (base 2) in base 6?
34525101
What is -6542457 (base 9) in base 5?
-1344340334
What is -221210120102 (base 3) in base 11?
-317577
Convert -1a12122 (base 13) to base 6.
-503425151
What is 112330103 (base 4) in base 6?
2003015
What is -110c1e (base 16) in base 11?
-6a341a
7c459 (base 14) to base 11
197475
Convert -1359ac0 (base 15) to base 14.
-1bd374c
Convert -1351641 (base 7) to base 16.
-2c205
What is 1075656 (base 8) in base 9?
487021
abc6 (base 15) to base 10
36411
-321102231 (base 4) to base 8
-712255
Convert 1002112010112022 (base 3) to base 6.
1320142312
Convert 112223010 (base 4) to base 14.
25bb6
Convert 179ae (base 15) to base 2.
10010101010010111
-52056001 (base 7) to base 8
-20521345
What is 5532678 (base 9) in base 10?
2974148
What is -661442a (base 11) in base 12?
-3a82389
-103505 (base 9) to base 8
-170316
-78444 (base 11) to base 3
-12202220220
Convert 10123022213 (base 4) to base 5.
244103342
What is 835764 (base 9) in base 10?
496345
What is 116415301 (base 7) in base 15?
9a768a
What is -1035300 (base 6) in base 10?
-51732
Convert -202341224 (base 5) to base 14.
-1766d6
18bdd (base 14) to base 3
10012000221
1443429 (base 10) to base 2
101100000011001100101
2040760 (base 12) to base 5
3022242432
What is -10520a (base 11) in base 2?
-101001000000010110
Convert -1424240242 (base 5) to base 16.
-391ddd
Convert -110421 (base 10) to base 15.
-22ab6
What is 5525016 (base 8) in base 15?
1e516b
3121031210 (base 4) to base 10
889700
19c962 (base 14) to base 10
918346
-1202454453 (base 6) to base 2
-110011110000101101100001
Convert -30303331332 (base 4) to base 3.
-20022122010020
What is 131e8 (base 16) in base 8?
230750
Convert -3b542b (base 16) to base 6.
-215200443
243310234 (base 5) to base 3
2011110110022
What is -17191 (base 12) in base 6?
-413101
Convert -189615 (base 11) to base 16.
-47054
1020441003 (base 5) to base 12
86555b
Convert -2127713 (base 8) to base 16.
-8afcb
Convert -10100101100000100 (base 2) to base 12.
-41058
What is -8381443 (base 11) in base 12?
-4b46173
-17478 (base 10) to base 14
-6526
What is 223333013 (base 4) in base 9?
304125
Convert 15453030 (base 6) to base 7.
4454526
Convert 3885766 (base 10) to base 3.
21022102021021
What is a2800 (base 11) in base 2?
100100101000011000
What is 232755 (base 9) in base 2?
100010001001010000
Convert 65574 (base 12) to base 7.
1065163
What is -35302013 (base 6) in base 10?
-1096857
Convert b7208 (base 13) to base 6.
11023144
-127431 (base 8) to base 13
-17531
Convert 214423411 (base 5) to base 7.
10646113
What is -94451 (base 11) in base 4?
-201212201
What is 4f308b (base 16) in base 3?
100202200000202
2436310 (base 8) to base 11
419088
What is -44220200 (base 5) in base 10?
-382550
What is 15171341 (base 8) in base 12?
11b4169
Convert 1430440 (base 5) to base 15.
8dd0
What is 5213525 (base 7) in base 10?
625553
What is -3061886 (base 9) in base 16?
-18f348
Convert -4e5e (base 15) to base 11.
-11638
Convert 1412aa6 (base 13) to base 11.
3645464
What is 344022 (base 7) in base 10?
61413
What is -13046555 (base 8) in base 14?
-558141
What is 502505 (base 6) in base 8?
115111
28986 (base 14) to base 11
696a5
What is 3210224 (base 6) in base 13?
56557
Convert 22027 (base 10) to base 3.
1010012211
bc99 (base 15) to base 2
1001110000100001
What is -146264 (base 7) in base 12?
-14685
Convert 10101001010110100 (base 2) to base 16.
152b4
-13345513 (base 6) to base 8
-1556225
Convert -51881 (base 9) to base 14.
-c6ab
What is 12211202 (base 6) in base 3?
201211111202
-2401134121 (base 5) to base 6
-313400131
Convert -84819c (base 14) to base 11.
-2589882
-256c95 (base 13) to base 14
-196375
What is -1012012202120 (base 3) in base 8?
-2326310
-177b739 (base 13) to base 8
-35137561
What is 216339 (base 10) in base 2?
110100110100010011
10100011010011000111110 (base 2) to base 11
30252a2
-113302403 (base 5) to base 9
-880575
What is 950705 (base 10) in base 14?
1aa677
Convert 22212000002 (base 3) to base 16.
2a899
What is -3a90b9 (base 13) in base 11?
-88a477
Convert -1001101000011101011 (base 2) to base 11.
-1a6154
What is 1110100000011001001 (base 2) in base 11?
2a5145
26a1b1 (base 14) to base 2
101000101101010101111
Convert -63036154 (base 7) to base 10.
-5303554
Convert a71a0 (base 11) to base 9.
256836
What is -109092 (base 10) in base 16?
-1aa24
What is -52292 (base 11) in base 14?
-1dab8
7b5c (base 14) to base 6
243142
What is -846 (base 10) in base 5?
-11341
What is -20021111021 (base 3) in base 5?
-12423214
What is -13011105 (base 6) in base 2?
-1100110111001010001
Convert 2b84b (base 12) to base 3.
10010121212
Convert -10000111111010111110 (base 2) to base 3.
-1001021200210
What is 2350249 (base 10) in base 11?
1365860
What is -16146 (base 10) in base 5?
-1004041
What is -304412552 (base 6) in base 15?
-6dd12b
-321014505 (base 6) to base 16
-562d69
What is -470ccd (base 14) in base 5?
-1110011431
Convert 110101010100001001 (base 2) to base 7.
1566445
-2313507 (base 12) to base 9
-13620487
-11120020313 (base 4) to base 5
-330101331
What is 2540514 (base 6) in base 15?
2ab61
-36435605 (base 7) to base 8
-14321350
b01c0 (base 16) to base 5
141040334
Convert 3c617 (base 16) to base 3.
110120020222
11313203001 (base 4) to base 11
960781
Convert 2ca712 (base 14) to base 9.
2845368
Convert 454024501 (base 6) to base 7.
130422520
Convert 101120101111000 (base 3) to base 4.
111123122100
What is 235944 (base 11) in base 3?
200222210002
Convert -7a26b2 (base 12) to base 14.
-38bd78
6235452 (base 7) to base 9
1360863
C